
53
What is the highest common divisor of 7 and 28854?
7
What is the greatest common factor of 448 and 75712?
448
What is the highest common divisor of 2288 and 351?
13
Calculate the highest common divisor of 29777 and 44.
11
What is the highest common factor of 2428 and 448573?
607
Calculate the highest common factor of 1102086 and 81.
81
Calculate the highest common factor of 574 and 405941.
41
What is the greatest common factor of 80181 and 123723?
531
What is the greatest common factor of 15 and 172455?
15
Calculate the greatest common divisor of 15112 and 248.
8
Calculate the greatest common divisor of 1000 and 7900.
100
Calculate the highest common factor of 179532 and 36.
36
Calculate the greatest common divisor of 3375 and 109215.
135
What is the highest common factor of 156 and 101712?
156
Calculate the highest common factor of 930002 and 1734.
578
What is the highest common factor of 40239 and 1989?
153
What is the highest common divisor of 2457 and 707967?
351
What is the greatest common divisor of 66657 and 459?
51
Calculate the highest common divisor of 3664 and 229.
229
What is the greatest common divisor of 3897 and 2283?
3
What is the greatest common factor of 500539 and 417?
139
What is the highest common divisor of 6124 and 96?
4
What is the highest common factor of 4186 and 78568?
322
What is the highest common divisor of 13129067 and 161?
161
What is the highest common factor of 1920 and 7590?
30
Calculate the greatest common divisor of 9667 and 119.
7
What is the greatest common divisor of 7743 and 170079?
267
What is the highest common factor of 10864 and 492954?
1358
What is the highest common divisor of 348 and 85086?
174
What is the highest common factor of 39 and 136413?
3
What is the greatest common divisor of 7260 and 94215?
165
What is the greatest common factor of 14282 and 23546?
386
Calculate the greatest common divisor of 280784 and 575.
23
What is the highest common factor of 35090 and 3770?
290
What is the highest common divisor of 26429 and 4199?
247
Calculate the highest common factor of 15 and 33261.
3
What is the greatest common factor of 86866 and 4112?
514
Calculate the greatest common divisor of 26037 and 27.
9
Calculate the greatest common divisor of 884682 and 729.
81
Calculate the greatest common divisor of 30369 and 11289.
159
Calculate the highest common factor of 2136 and 1385196.
1068
Calculate the greatest common divisor of 3993 and 139029.
363
Calculate the greatest common divisor of 19694 and 916.
458
Calculate the greatest common factor of 993 and 1458717.
993
What is the greatest common factor of 1272530 and 5830?
530
What is the greatest common factor of 29560 and 440?
40
Calculate the greatest common factor of 267285 and 3605.
515
What is the highest common factor of 853993 and 532?
133
Calculate the greatest common factor of 1696 and 4384.
32
Calculate the highest common factor of 98382 and 24.
6
What is the greatest common factor of 584 and 1301444?
292
Calculate the greatest common divisor of 105 and 2781681.
21
What is the greatest common factor of 30996 and 336?
84
What is the greatest common divisor of 132 and 650474?
22
Calculate the greatest common divisor of 223 and 2797758.
223
What is the greatest common divisor of 34016 and 32?
32
What is the highest common factor of 1366205 and 170?
85
What is the greatest common factor of 160680 and 624?
312
What is the highest common divisor of 187 and 3791?
17
Calculate the highest common divisor of 701911 and 14.
7
Calculate the greatest common factor of 928 and 21692.
116
Calculate the highest common factor of 351 and 79755.
39
Calculate the highest common divisor of 25499 and 24313.
593
What is the highest common divisor of 391360 and 64?
64
What is the highest common divisor of 12306 and 840?
42
What is the greatest common divisor of 3689 and 255?
17
Calculate the greatest common divisor of 9568 and 4238.
26
Calculate the highest common factor of 36 and 8361.
9
What is the highest common factor of 572 and 11572?
44
What is the highest common divisor of 1525 and 725?
25
What is the highest common divisor of 699388 and 53?
53
Calculate the highest common factor of 920595 and 390.
195
What is the highest common factor of 82 and 209797?
41
Calculate the greatest common factor of 93952 and 49178.
734
What is the greatest common factor of 5152064 and 632?
632
Calculate the highest common divisor of 500324 and 83.
83
Calculate the highest common divisor of 134758 and 10153.
923
Calculate the greatest common factor of 82654 and 3146.
286
What is the greatest common divisor of 484434 and 36?
18
What is the highest common divisor of 178090 and 770?
110
Calculate the highest common divisor of 611876 and 249.
83
What is the greatest common factor of 3135 and 117876?
627
What is the greatest common divisor of 13420 and 55?
55
Calculate the greatest common divisor of 3404 and 12.
4
Calculate the greatest common divisor of 8529 and 9.
3
What is the greatest common factor of 414486 and 162?
18
Calculate the highest common divisor of 46 and 2590.
2
Calculate the highest common divisor of 78 and 13598.
26
Calculate the highest common factor of 758 and 65567.
379
What is the highest common divisor of 22 and 83138?
22
Calculate the greatest common factor of 4437711 and 379.
379
What is the highest common divisor of 18702 and 306?
18
What is the greatest common factor of 1350 and 139140?
90
Calculate the greatest common factor of 140195 and 110.
55
Calculate the highest common factor of 3604 and 62116.
212
Calculate the greatest common divisor of 275 and 16847875.
275
Calculate the greatest common factor of 13 and 1441115.
13
What is the highest common factor of 6020 and 11223?
43
What is the highest common factor of 9709 and 198779?
511
Calculate the greatest common divisor of 1527225 and 1050.
525
What is the highest common divisor of 7450 and 950?
50
Calculate the greatest common factor of 2560 and 502784.
512
Calculate the highest common divisor of 11076 and 604068.
852
Calculate the highest common factor of 426 and 5707690.
142
Calculate the greatest common factor of 6888 and 4200.
168
What is the greatest common divisor of 1547 and 16796?
221
Calculate the highest common factor of 27389 and 12572.
449
What is the greatest common factor of 84 and 385266?
42
What is the highest common factor of 154 and 125422?
22
What is the highest common factor of 86 and 251421?
43
What is the greatest common factor of 2176306 and 3128?
782
What is the greatest common factor of 870 and 50?
10
What is the greatest common factor of 2115309 and 7?
7
What is the highest common divisor of 2697 and 9021?
93
Calculate the highest common factor of 35 and 29610.
35
Calculate the greatest common factor of 693 and 4914.
63
Calculate the highest common factor of 6050 and 59350.
50
Calculate the greatest common divisor of 3252 and 545252.
1084
Calculate the greatest common divisor of 8 and 4255.
1
Calculate the greatest common divisor of 31236 and 61332.
228
What is the highest common divisor of 368322 and 92?
46
Calculate the highest common divisor of 7084 and 616.
308
Calculate the highest common divisor of 84964 and 132.
44
Calculate the greatest common divisor of 86559 and 46970.
671
What is the greatest common divisor of 23421 and 1443?
111
Calculate the highest common factor of 126 and 2868432.
42
Calculate the highest common divisor of 45904 and 38.
38
What is the greatest common divisor of 23236 and 33284?
628
Calculate the greatest common divisor of 29 and 1336726.
29
What is the highest common divisor of 9028 and 610?
122
Calculate the greatest common factor of 943 and 4784.
23
Calculate the highest common factor of 53071 and 1679.
73
What is the greatest common factor of 137400 and 1800?
600
Calculate the greatest common factor of 261 and 42777.
9
What is the highest common divisor of 772578 and 1004?
502
What is the greatest common divisor of 248 and 100424?
8
Calculate the greatest common divisor of 77 and 118811.
77
What is the highest common divisor of 312 and 7632?
24
What is the highest common factor of 1134 and 42?
42
What is the highest common factor of 1549584 and 144?
144
Calculate the greatest common divisor of 55671 and 66.
33
What is the greatest comm